73 a multiple of 732?
False
Does 235 divide 581381305?
True
Is 1812352380 a multiple of 31?
True
Is 459 a factor of 48916522?
False
Is 40266745 a multiple of 6?
False
Does 16 divide 323942667?
False
Is 40 a factor of 4291520?
True
Is 19 a factor of 23347428?
True
Does 1999 divide 1398490405?
True
Does 29 divide 1541578457?
False
Is 6867041142 a multiple of 13091?
True
Does 11 divide 122959165?
False
Does 4020 divide 19476900?
True
Is 20 a factor of 105158820?
True
Does 131 divide 114797920?
True
Does 37 divide 399247575?
True
Does 8 divide 13735528?
True
Is 10 a factor of 7684518?
False
Is 4777935 a multiple of 615?
True
Is 334358858 a multiple of 2183?
False
Does 382 divide 31512471?
False
Does 324 divide 1402803036?
True
Does 134 divide 10049464?
True
Does 7285 divide 302364246?
False
Does 17 divide 1870697?
True
Does 41 divide 44409164?
False
Is 73 a factor of 1409681027?
True
Is 184460056 a multiple of 859?
False
Is 5 a factor of 44927260?
True
Does 1757 divide 273028?
False
Is 489070470 a multiple of 4398?
False
Does 3 divide 7342103?
False
Does 733 divide 5514447?
False
Is 138787861 even?
False
Is 208 a factor of 1139702?
False
Is 25 a factor of 24587600?
True
Is 1123 a factor of 393976715?
False
Does 119 divide 2466127606?
False
Is 489576909 a multiple of 73?
True
Does 617 divide 3302043850?
False
Is 38921290 a multiple of 115?
True
Does 2 divide 41480796?
True
Is 33 a factor of 51760170?
True
Is 49875702 a multiple of 18?
False
Is 2313979752 a multiple of 3192?
True
Does 141 divide 185587020?
True
Is 551 a factor of 956658763?
False
Is 63 a factor of 1276662870?
True
Does 80 divide 79393360?
True
Is 61 a factor of 17988354?
False
Does 4 divide 251542054?
False
Is 1004192700 a multiple of 75?
True
Does 40 divide 9327911?
False
Does 4734 divide 1156885734?
False
Does 1117 divide 7634695?
True
Is 3365 a factor of 1390051215?
True
Does 7 divide 153983895?
False
Does 25 divide 197391455?
False
Is 2052653188 a multiple of 189?
False
Does 18 divide 401385121?
False
Is 494 a factor of 184179025?
False
Is 304 a factor of 3928896?
True
Is 168169664 a multiple of 16?
True
Is 1240988567 a multiple of 62?
False
Does 58 divide 12390250?
True
Is 11 a factor of 63700734?
False
Is 30902430 a multiple of 46?
False
Is 315913561 a multiple of 4?
False
Is 616238665 a multiple of 265?
False
Is 203 a factor of 6700624?
True
Is 3 a factor of 71182413?
True
Is 2028613 a multiple of 13?
False
Is 183 a factor of 1025836002?
False
Is 1249 a factor of 507806884?
False
Does 62 divide 405448816?
False
Does 76 divide 18249169?
False
Is 76701150 a multiple of 75?
True
Is 1159416386 a multiple of 2273?
True
Is 34827140 a multiple of 2?
True
Does 379 divide 29333084?
True
Is 198 a factor of 688686570?
True
Is 6424 a factor of 6836844784?
True
Is 52284860 a multiple of 34?
True
Does 743 divide 34198973?
False
Does 16 divide 43746640?
True
Does 95 divide 295288505?
False
Is 24 a factor of 388220688?
True
Does 8 divide 8011424?
True
Does 75 divide 28176907?
False
Is 109 a factor of 315207726?
True
Is 36 a factor of 97331364?
True
Is 75 a factor of 18797925?
True
Does 8 divide 202776?
True
Does 20 divide 81434560?
True
Does 9 divide 1190315736?
True
Is 12 a factor of 10997016?
True
Does 307 divide 88131461?
False
Is 24602294 a multiple of 4?
False
Does 47 divide 352117129?
False
Does 16 divide 811745232?
True
Is 176695815 a multiple of 43?
True
Does 6 divide 28917579?
False
Does 28 divide 47729035?
False
Does 1487 divide 86478707?
False
Is 41 a factor of 99217150?
False
Is 135808937 a multiple of 51?
False
Is 2819083686 a multiple of 19?
False
Is 265146552 a multiple of 1128?
True
Does 153 divide 1880593074?
True
Is 396007953 a multiple of 33?
True
Is 43 a factor of 61722157?
True
Is 1600498885 a multiple of 208?
False
Does 335 divide 634059525?
True
Is 83220721 a multiple of 649?
False
Is 9328465 a multiple of 254?
False
Does 24 divide 92305558?
False
Is 17 a factor of 6141471?
True
Is 1725355000 a multiple of 580?
True
Is 1088213193 a multiple of 29?
False
Is 562646156 a multiple of 4159?
True
Is 33355040 a multiple of 4?
True
Does 465 divide 34422236?
False
Is 118397324 a multiple of 47?
True
Is 45098613 a multiple of 27?
True
Is 1127 a factor of 1683298100?
False
Is 1957475501 a multiple of 1389?
False
Does 70 divide 32671620?
False
Is 6 a factor of 8012680?
False
Does 43 divide 383240419?
False
Is 98 a factor of 12380121?
False
Is 18 a factor of 167441399?
False
Does 192 divide 59637696?
True
Does 5 divide 15864454?
False
Is 47 a factor of 184240?
True
Is 186 a factor of 168991202?
False
Does 104 divide 97243328?
True
Is 528 a factor of 212608176?
True
Is 958165054 a multiple of 426?
False
Is 3522903216 a multiple of 588?
True
Is 8 a factor of 21090040?
True
Is 22 a factor of 416966515?
False
Is 17 a factor of 194004841?
False
Is 92097145 a multiple of 35?
True
Is 5140 a factor of 259873260?
True
Is 42212940 a multiple of 22?
True
Does 290 divide 112174210?
False
Is 966 a factor of 192709272?
True
Is 7 a factor of 428506694?
True
Is 7831642962 a multiple of 902?
True
Does 10 divide 446660470?
True
Does 1253 divide 56316085?
True
Is 12 a factor of 258804944?
False
Is 16 a factor of 4456961600?
True
Is 7887884 a multiple of 116?
True
Is 13 a factor of 59641439?
True
Does 151 divide 2310572?
False
Does 410 divide 8949480?
True
Is 28 a factor of 8457534?
False
Is 4002173864 a multiple of 939?
False
Is 17633188 even?
True
Is 90 a factor of 943704810?
True
Is 102424335 a multiple of 15?
True
Is 365 a factor of 141516705?
True
Does 64 divide 122848674?
False
Does 1665 divide 1024772535?
True
Is 9647880 a multiple of 220?
True
Is 353248950 a multiple of 2850?
True
Does 12 divide 1863888480?
True
Is 1832 a factor of 93623830?
False
Is 30 a factor of 612003218?
False
Does 12 divide 743307180?
True
Does 108 divide 814277124?
True
Is 51416040 a multiple of 115?
True
Is 31396191 a multiple of 1034?
False
Is 4627 a factor of 773164455?
False
Is 128 a factor of 37500138?
False
Is 2244 a factor of 8852430?
False
Is 104101371 a multiple of 11?
True
Is 16 a factor of 159953408?
True
Does 27 divide 12102634?
False
Does 19 divide 1942598?
True
Is 24960333 a multiple of 25?
False
Is 94 a factor of 41970689?
False
Is 424 a factor of 101741768?
True
Does 177 divide 31099518?
False
Does 346 divide 3290454?
False
Is 368 a factor of 915841991?
False
Is 59947509 a multiple of 277?
True
Is 95344447 a multiple of 389?
False
Does 1002 divide 1174422?
False
Is 13994333 a multiple of 55?
False
Is 54635210 a multiple of 10?
True
Is 163540135 a multiple of 282?
False
Is 24486420 a multiple of 692?
True
Is 44 a factor of 2552226908?
True
Is 65085564 a multiple of 114?
True
Does 102 divide 18701700?
True
Is 605208174 a multiple of 1181?
True
Is 47799416 a multiple of 824?
True
Is 4883 a factor of 504262527?
True
Is 50903268 a multiple of 1924?
True
Does 3718 divide 4833666959?
False
Is 16935952 a multiple of 16?
True
Is 632 a factor of 226119796?
False
Is 43 a factor of 67012533?
True
Is 29 a factor of 17854576?
False
Is 174 a factor of 149138880?
True
Does 146 divide 20693310?
True
Does 70 divide 30822820?
True
Is 4460 a factor of 253965975?
False
Does 582 divide 101192340?
True
Does 617 divide 234379869?
False
Is 2584656 a multiple of 36?
True
Is 217 a factor of 938282?
False
Is 77 a factor of 214663757?
True
Is 2395956 a multiple of 1232?
False
Does 22 divide 41457328?
True
Is 382124 a multiple of 80?
False
Does 15 divide 66456270?
True
Is 51 a factor of 707109307?
False
Does 35 divide 241451087?
False
Is 142 a factor of 401555410?
True
Does 1685 divide 145213300?
True
Does 2753 divide 678389783?
False
Is 50555844 a multiple of 659?
True
Does 11 divide 1498970?
True
Is 12 a factor of 774486845?
False
Does 605 divide 37469465?
True
Does 1837 divide 337044101?
False
Is 13422246 a multiple of 562?
True
Is 307 a factor of 3037567?
False
Does 2655 divide 104524695?
True
Is 323 a factor of 83679287?
True
Does 7 divide 39723131?
True
Is 3888690 a multiple of 5?
True
Is 187380526 a multiple of 186?
False
Is 394832996 a multiple of 46?
True
Does 19 divide 185401596?
False
Does 384 divide 158715648?
True
Is 3 a factor of 4817475?
True
Is 265517571 a multiple of 73?
True
Is 71 a factor of 101095764?
True
Is